 -2 - -4.
8
Suppose 2 - 6 = 2*t. Calculate the remainder when 5 is divided by (-4 + 2 - t) + 4.
1
Suppose 34*g = 39*g - 110. Calculate the remainder when 42 is divided by g.
20
Let r = -18 + 34. What is the remainder when (-1)/(120/124 + -1) is divided by r?
15
Let q(x) = 11*x - 1. Let b(h) = -8*h - 5. Let c be b(-4). Let r = c + -9. Calculate the remainder when r is divided by q(1).
8
Let b be (-6)/18 + (-160)/(-3). Let q = b - 35. Calculate the remainder when 35 is divided by q.
17
Let b = 8 + -8. Suppose b = -h - 6*v + v + 25, -3*h + 37 = -4*v. Suppose -j + 0*j + 42 = 0. What is the remainder when j is divided by h?
12
Let l(q) = -2*q + 7. Let r be l(5). Let w be (1 + -16)*(r - -2). Suppose -n + 19 = -3*d, 28 + w = 4*n - d. Calculate the remainder when n is divided by 3.
1
Suppose -6 = 4*g - t - 0*t, 3*g + 4*t - 5 = 0. Suppose -i = -4 - 0. What is the remainder when i is divided by g/(-5) + 9/5?
0
Suppose -4*j = 4*p - 308, -j - 149 = -2*p - 2*j. What is the remainder when p is divided by 25?
22
Suppose -8 = -u + 2. Calculate the remainder when u is divided by 4.
2
Let n(k) = k - 1. Let d be n(0). Let t(y) = y**2 - 5*y + 3. What is the remainder when 99/4 + d/(-4) is divided by t(6)?
7
Let w(j) = -j**2 - 2*j + 2. Let b = 20 + -15. Calculate the remainder when b is divided by w(-2).
1
Suppose -d = 3*u + 1, -d + 5*u = -2*d - 11. Calculate the remainder when d is divided by 5.
4
Let g be 76/(-16)*-2*2. Suppose 0 = 4*d - 1 - g. Let o = d - -4. Calculate the remainder when 34 is divided by o.
7
Suppose 0*f - f + 12 = 0. Let q be (-852)/(-9) + (-8)/f. Suppose 5*z + 2*x = 101, x + 4*x = 4*z - q. Calculate the remainder when 40 is divided by z.
19
Calculate the remainder when 5 is divided by (-12)/18 + 16/6.
1
Let v(m) = m + 34. Calculate the remainder when v(-5) is divided by 8.
5
Let n(x) = x - 9. Let q be n(10). Suppose 0 = -2*s - 8, s + q = 3*a + 3*s. What is the remainder when 105/3 + 3 + a is divided by 11?
8
Suppose 0 = -n + 2, -3*k + 3*n + 30 = -30. What is the remainder when k is divided by 12?
10
Suppose 5*w + 5*j + 35 = 0, 2*w - 5*j - 10 - 4 = 0. Let f = 5 + w. Calculate the remainder when f is divided by 1.
0
Let l(r) be the first derivative of r**4/4 - r**3 + 2*r**2 + 3*r - 2. Let d = 23 - 11. What is the remainder when l(4) is divided by d?
11
Let d(h) = -h**3 + 5*h**2 + 6*h + 7. Let f = -6 + 11. What is the remainder when d(f) is divided by 13?
11
Let h = 26 + -20. Calculate the remainder when 14 is divided by h.
2
Suppose 2*d + 8 = 0, 3*l + 0*d + 3*d = 0. Suppose 140 = l*k - 0. Calculate the remainder when k is divided by 12.
11
Let x = -12 - -18. Calculate the remainder when 3/(-6)*x + 86 is divided by 28.
27
Let j(m) = 5*m - 1. Let h be j(-1). Calculate the remainder when 12*(3/h + 2) is divided by 10.
8
Let b(c) = -c - 4. Let t(h) = -h - 3. Let f(r) = 5*b(r) - 6*t(r). Let v be f(4). Suppose -v*u = u - 57. What is the remainder when 55 is divided by u?
17
Let z(l) = -l**2 - 12*l - 15. Let u be z(-6). Let i = u + -14. What is the remainder when i is divided by (0 - 1)*4/(-2)?
1
Suppose 2*d = -3*d + 5. Let l be (0/(-2))/3 - -5. Suppose d = l*o - 79. Calculate the remainder when 46 is divided by o.
14
Let t = 371 - 178. Suppose 23 = -5*y + t. What is the remainder when y is divided by 9?
7
Let d(p) be the first derivative of p**2/2 - 3*p - 5. Calculate the remainder when 8 is divided by d(6).
2
Suppose 15*d = 406 + 104. What is the remainder when d is divided by 5?
4
Let a(v) = -v**2 + 9*v - 4. Calculate the remainder when 25 is divided by a(6).
11
Suppose 3*j = -k + 8, -k + 35 = -3*j + 9. What is the remainder when 33 is divided by k?
16
Let p(b) = -4*b - 10. Let a be p(-7). Let t = -10 + a. Suppose 5*i - 18 = 52. Calculate the remainder when i is divided by t.
6
Let o = -31 - -11. Let h be 2530/70 + 2/(-14). Let u = h + o. Calculate the remainder when 31 is divided by u.
15
Suppose -4*j = -5*g - 23 + 70, -3*j + 6 = 0. Calculate the remainder when 2/(-8) - (-129)/4 is divided by g.
10
What is the remainder when (1 - 20/12)/((-2)/24) is divided by 5?
3
Let x(y) = -y**3 + 8*y**2 - 9. Let f be x(8). Calculate the remainder when (-10)/(-6) + (-3)/f is divided by 2.
0
Suppose 72 = 4*j + 3*h - 2*h, -54 = -3*j - 2*h. Suppose 2*t + j = -t. What is the remainder when (-75)/t*2*1 is divided by 13?
12
Let o(x) = -82*x - 2. Let k be o(2). Let c = -114 - k. What is the remainder when c is divided by 27?
25
Let q be 5*(-7)/((-140)/16). What is the remainder when 19 is divided by 0/q + (-3 - -8)?
4
Suppose -5*p - 3*i = i - 22, -4*p = i - 22. Suppose s = p + 5. Let q = -21 - -63. What is the remainder when q is divided by s?
9
Let b(n) = 3*n. Let l be b(1). Let a(w) = -w + 8*w - l*w - 7. What is the remainder when 31 is divided by a(6)?
14
What is the remainder when 60 is divided by 1*(-2)/(2/52*-4)?
8
Let t = 30 + -1. Calculate the remainder when t is divided by 8.
5
Let i be 6 + (-2 - -1) + 1. Suppose -35 = t - i*t. Calculate the remainder when 25 is divided by t.
4
Let h(b) = -b**3 + 12*b**2 + 3*b - 29. Let g(p) = -p - 1. Let u be g(-4). Suppose 0 = u*r - 6 - 6. What is the remainder when h(12) is divided by r?
3
Let z(p) = p**3 - 11*p**2 + 11*p. Suppose 0 = 4*m + 3 + 1. Calculate the remainder when (3/(-6))/(m/56) is divided by z(10).
8
Suppose 3*z - 9 = -0*z. Let n(x) = 10*x + 8 + x**z - 8*x**2 - 2 - 2*x. Calculate the remainder when 38 is divided by n(7).
12
Let k = -7 - 2. Let q = 0 + k. Calculate the remainder when 70 is divided by 8/(-6)*q*2.
22
Let i(l) = -l**2 + 3*l + 10. Let s be i(5). Let v = s + 6. Calculate the remainder when v is divided by 2.
0
Let w = 5 - 3. Let b = 16 + -11. Suppose -t + 0*g + b = 2*g, 0 = -5*t - 4*g + 19. Calculate the remainder when t is divided by w.
1
Suppose -3*t + 6 = -0*t. Suppose -t*i = 4*n + n - 88, i - 5*n - 29 = 0. What is the remainder when i is divided by 20?
19
Suppose -5*t - 25 + 80 = 0. Calculate the remainder when t is divided by 6*(0 - 2/(-4)).
2
Let a = 25 - 23. What is the remainder when a is divided by (-10)/(-6) + (-2)/3?
0
Let y = 3 - 5. Let r(q) = 6*q**2 + q + 2. Let t(k) = -k**2 + 9*k - 5. What is the remainder when r(y) is divided by t(6)?
11
Suppose 5*s = -2*t, -5*s + 38 - 8 = 5*t. Suppose 2*x + 16 = 6*x. Suppose 2 = m - x. What is the remainder when t is divided by m?
4
Let z = -51 + 16. Let v = 2 - z. Let s = -11 - -24. What is the remainder when v is divided by s?
11
Let z(o) be the first derivative of o**2/2 + 25*o + 1. What is the remainder when z(0) is divided by 13?
12
Let q(n) = 10*n + 7. Let f(c) = -3*c - 2. Let g(o) = -7*f(o) - 2*q(o). Calculate the remainder when 8 is divided by g(3).
2
Suppose -3*s - 42 + 159 = 0. What is the remainder when s is divided by 21?
18
Let n = 8 - -15. Calculate the remainder when n is divided by ((-18)/(-5))/(3 - (-27)/(-10)).
11
Let h(b) = -b**2 - 7*b - 5. Let v be h(-5). Suppose 2 - 85 = -v*u - 2*a, 1 = -a. Calculate the remainder when u is divided by 6.
5
Let i = 4 - -3. Let m be 2 + i + 3/(-3). Suppose m*v - 100 = 3*v. What is the remainder when v is divided by 7?
6
Let b = -22 + 37. Let d = -9 - -13. What is the remainder when (174/(-9))/(d/(-6)) is divided by b?
14
Suppose 0 = -2*k + k - 4*i - 2, 0 = -k - 2*i. Calculate the remainder when 6 is divided by k.
0
Suppose -4*o - 2 = -22. Suppose 7*n - 100 = o*n. Calculate the remainder when n is divided by 17.
16
Let c = -7 + 4. Let q = c - -13. Calculate the remainder when 234/14 + q/35 is divided by 9.
8
Let d(z) = 15*z - 6. What is the remainder when d(5) is divided by 14?
13
Suppose -3*h = 9, 5*h = 4*c - 0*h - 75. Let o(r) = r**2 + 16*r + 6. What is the remainder when c is divided by o(-16)?
3
Suppose -2*v + 178 = -0*v. Calculate the remainder when v is divided by 23.
20
Let w(s) = 2*s**2 - 10*s + 3. What is the remainder when w(8) is divided by 19?
13
Let y be -7 + (-1)/(-2)*2. Let w = y + 15. Let b(j) = -j**3 - j**2 + 5*j - 3. What is the remainder when b(-4) is divided by w?
7
What is the remainder when 50 is divided by (2/4)/((-3)/(-102))?
16
Suppose 0*i + 2*i - 34 = 0. Suppose -2*y + 130 = 4*h, 5*h + 64 = 2*y - 75. Calculate the remainder when y is divided by i.
16
Suppose -q + 9 = -5*q - 5*z, 3*z = -15. Let w = 0 + 0. Suppose -6 = -2*x - w*x. What is the remainder when q is divided